12. List the prime factors of h.
13, 23
Suppose 10*q - 2368 = 6*q. Suppose 6*y + q - 1960 = 0. What are the prime factors of y?
2, 3, 19
Let h = 152 + -260. Let v = h + 138. List the prime factors of v.
2, 3, 5
Let s be 6/5*50/20. Suppose s*o - 184 = 137. List the prime factors of o.
107
Suppose 10457 = 4*z + 3*d, -5*z - 8*d = -9*d - 13095. What are the prime factors of z?
2, 7, 11, 17
Suppose -2*y - 22 = -y. Let g = -37 - y. Let j = 17 - g. What are the prime factors of j?
2
Suppose 335 = -12*s + 3587. List the prime factors of s.
271
Let v = 912 + -727. List the prime factors of v.
5, 37
Let q = -8 + -9. Let x(n) = -6*n - 36. What are the prime factors of x(q)?
2, 3, 11
Suppose 4*o = d - 5*d - 12, -2*o + 4*d = 0. List the prime factors of (-103)/(15/10 + o).
2, 103
Suppose 7*y - 6*y = 5. Let z(o) = o**2 + 8*o. Let q be z(-8). Suppose y*n - 30 = -5*x, q = -2*x - 3*n + 2*n + 8. List the prime factors of x.
2
Suppose 2*n + 4*x = 2446, 40*n - 5*x - 4853 = 36*n. List the prime factors of n.
1217
Let m(f) = 6*f**3 + f**2 + 2*f - 2. Let w be m(2). List the prime factors of w/10*(-90)/(-27).
2, 3
Suppose 24 = -5*i - 1. Let j = i + 15. Suppose 0 = -5*d + l + j, -2*d - 2*d - l + 8 = 0. What are the prime factors of d?
2
Let l = 681 + -76. List the prime factors of l.
5, 11
Suppose 91*g - 30075 = 66*g. List the prime factors of g.
3, 401
Suppose -4*s + i = -692 - 889, -2*i - 798 = -2*s. List the prime factors of s.
2, 197
Suppose 0 = -2*k + 13*k - 5049. List the prime factors of k.
3, 17
Suppose 7*j + 22 = 71. Let m = j - -45. List the prime factors of m.
2, 13
Let n = -24 - -16. List the prime factors of n/(-10)*525/6.
2, 5, 7
Let x = 981 + -136. What are the prime factors of x?
5, 13
Let k be (1/(-2))/((-2)/8*1). Suppose -332 = k*y - 6*y. What are the prime factors of y?
83
Let q = -28 - -30. Suppose -q*i = -10, i - 4*i + 20 = 5*l. What are the prime factors of 61*-1*l/(-1)?
61
Let s = 192 + -79. List the prime factors of s.
113
Let s(j) = j + 15. Let u be s(-10). Suppose -3*v = v - 5*f - 7, -11 = -2*v - u*f. What are the prime factors of 134/6 + (-1)/v?
2, 11
Let d(n) = 2*n - 11. Let m be d(10). Let x be 4466/9 - 2/m. What are the prime factors of 2/(-3) + x/6?
2, 41
Let t = 11 - 8. Suppose t*h + 5 - 80 = 0. List the prime factors of 15/(-6)*(-140)/h.
2, 7
Suppose -1 - 11 = 3*f, -605 = -h + 3*f. List the prime factors of h.
593
Let b = -223 + 594. Suppose 0 = y + 6*y - b. List the prime factors of y.
53
Let a = 0 + -22. Let d = -31 - a. Let l = 12 - d. List the prime factors of l.
3, 7
Suppose 2*h + 6090 = 5*n, -2*n + h - 1218 = -3*n. What are the prime factors of n?
2, 3, 7, 29
Let p be (-6)/21 - 215/7. Let f = -16 - p. List the prime factors of f.
3, 5
List the prime factors of 17/51 + (-44)/6 - -3961.
2, 3, 659
Suppose 132908 = 28*t + 35692. List the prime factors of t.
2, 7, 31
Suppose -16*o + 580 = -21*o. Let h = 5 - 10. What are the prime factors of o/h - 1/5?
23
Suppose 4*j = -j + 15. Let x be 33 - 0*j/(-15). Let i = x + -29. List the prime factors of i.
2
Let o(i) = 57*i**2 + i - 3. Let d be o(-3). Let n = d - 306. List the prime factors of n.
3, 67
Let h = -42 - -70. Let k = h - 54. What are the prime factors of 1 - 0 - (k - -2)?
5
Let t be ((-3)/6 - 1)*(-3 + -3). Let k(n) be the first derivative of n**4/4 - 8*n**3/3 - 3*n**2/2 - 1. List the prime factors of k(t).
2, 3
Suppose -50*w + 48*w = -146. Let q = 35 + w. What are the prime factors of q?
2, 3
Suppose -5*z - 6 + 29 = -4*y, 4*z - 16 = 2*y. Let d = -3 + y. Let i = d + 49. What are the prime factors of i?
2, 11
Let a(h) = 133*h**2 - 3*h - 15. What are the prime factors of a(-2)?
523
Suppose -19*p + 4928 = -5*p. What are the prime factors of p?
2, 11
Suppose p = 3*n + 2 - 6, -2*n + 16 = 2*p. Suppose 0*y = p*b + y - 242, -199 = -4*b + y. Suppose -m = 9 - b. List the prime factors of m.
2, 5
Let t(b) = -b**3 - 20*b**2 + 19*b + 17. Let h be t(-21). Suppose 5*p = -h + 199. What are the prime factors of p?
2, 7
Let n be -2 - -1*(-254)/2. Let l be 2/(-4) - n/2. Let k = l - 42. List the prime factors of k.
2, 11
Let b = 27 - 40. Let u be 209/(-247) + 2/b. What are the prime factors of ((-4)/(-12))/(u/(-57))?
19
Suppose 5*r - 13 = 22. Let c = 27 + -24. Suppose -r*j = -c*j - 84. List the prime factors of j.
3, 7
Let v(b) = -56*b + 8. Let z be v(-3). Suppose 5*u = -3*t + 288, -z = -5*u + 2*u - 5*t. List the prime factors of u.
3, 19
Let t(i) = -65*i. Let q be t(-1). Suppose 100 = 5*z - q. What are the prime factors of z?
3, 11
Let a(p) = 36*p**2 - 2*p + 1. List the prime factors of a(-3).
331
Let q(i) = 7*i**3 + 4*i**2 - 10*i + 12. What are the prime factors of q(5)?
937
List the prime factors of 266 - 2/6*-3.
3, 89
Suppose -7*x + 2*x = -20. Let f be (-4)/(-6) - (-200)/15. Let a = f - x. List the prime factors of a.
2, 5
Let d(z) = -2*z + 11. Let u be d(4). List the prime factors of 76/((u - 0) + -2).
2, 19
Suppose 2*h = -9*h + 440. List the prime factors of 6275/h + (-4)/(-32).
157
Suppose 248 = 8*c - 6*c. Let v = c - -8. What are the prime factors of v?
2, 3, 11
Suppose -c = -0 - 2. Suppose 120*h = 103*h. Suppose 15 = z - f, f - c + 3 = h. What are the prime factors of z?
2, 7
Suppose -13*v + 2*v + 2838 = 0. What are the prime factors of v?
2, 3, 43
Let q(n) = 256*n - 51. What are the prime factors of q(10)?
13, 193
Suppose -5*c - 1 = -4*g + 9, 4*g + 26 = -c. Let s(l) = 2*l**2 - 4*l. Let r be s(c). List the prime factors of (2 - 1)/(3/r).
2
Let f = 105 + -105. Let g(v) = 2*v**2 - 3*v + 198. List the prime factors of g(f).
2, 3, 11
Let y(c) = c**3 + 66*c**2 - 77*c - 418. List the prime factors of y(-67).
2, 3, 7
Suppose 0 = a - 4 - 22. Let q = a - 14. Let c = q + 8. List the prime factors of c.
2, 5
Suppose -a + 111 = 95. Suppose -g + 161 = -x, 0 = -4*g - x + a + 628. What are the prime factors of g?
7, 23
Let v(c) = -40*c - 7. Let i be v(8). Let b = i - -505. What are the prime factors of b?
2, 89
Suppose q - 2*q + 36 = -2*f, 5*f - 3*q + 92 = 0. What are the prime factors of -2*14*28/f?
7
Suppose -2132 = -7*s + 7577. List the prime factors of s.
19, 73
Let p(s) = 7*s - 2. Let v be p(5). Let c = v - -41. List the prime factors of c.
2, 37
Let n = 80 + -72. Suppose 5*o = n*o - 336. List the prime factors of o.
2, 7
Suppose 32 = 3*l + 2*n - 32, -2*l + 3*n + 34 = 0. List the prime factors of (1*4 - -2)/(l/250).
3, 5
Suppose 0*n + 4*n = -16. Let z = n - -20. List the prime factors of (68/(z/(-4)))/(-1).
17
Suppose -3*o = 3*g - 625 - 4724, 4*g - 7141 = -o. List the prime factors of g.
2, 19, 47
Let s(u) be the third derivative of u**5/30 - 7*u**4/12 + u**3/6 + 5*u**2. Let p be s(7). List the prime factors of p*(-115)/(-10)*4.
2, 23
Let k(x) = 3*x - 6. Let b be k(6). Let i(s) = -s + 14. Let m be i(b). Suppose -z - 13 = -m*z. List the prime factors of z.
13
Suppose -4*y - 5*y - 6183 = 0. Let a = -479 - y. List the prime factors of a.
2, 13
Let d = 16 + -22. Let y = d + 8. List the prime factors of y.
2
Let x(h) = -h**3 - 8*h**2 - 6*h + 13. Let o be x(-7). Suppose -i - 4*w + 2 = 0, -3*i + o = w + 4*w. List the prime factors of i.
2
Let p be -1 - 3 - (4 + -94). Suppose 3*y - 2*z + z - 14 = 0, -19 = -3*y - 4*z. Suppose y*v + 6 = p. List the prime factors of v.
2
Let g(v) = -v + 3. Let a(r) = 2*r - 4. Let s(c) = 2*a(c) + 3*g(c). Let k be s(-1). Let b(j) = -j**2 + j + 22. List the prime factors of b(k).
2, 11
Let a(s) = s**2 + 14*s - 30. Let h be a(-16). Let i = h + 87. List the prime factors of i.
89
Suppose 2*n - 480 = -8*n. What are the prime factors of 36/n*(-1 - -5) - -50?
53
Suppose -5*t = -4*s + 9, 4*s + t - 15 = 4*t. Suppose -254 = -s*g + 106. List the prime factors of g.
2, 3, 5
Suppose -4*v + 632 = 2*h - 524, 5*h - 10 = 0. Let z = v - 165. What are the prime factors of z?
3, 41
Suppose 3*c + 14*g - 18*g = 1323, 3*g - 428 = -c. List the prime factors of c.
19, 23
Let o(d) be the second derivative of -d**4/12 + 8*d**3/3 + d**2 - d. What are the prime factors of o(12)?
2, 5
Let w(t) = 2*t**3 - 7*t**2 + 4*t - 3. Let i be w(3). Suppose i*h = h - 289. List the prime factors of h.
17
Let u = 7 - 16. Let n(j) = j + 8. Let z be n(u). What are the prime factors of 9/((2/z)/(-2))?
3
Let i(l) = 101*l**2 + 0*l - 97*l**2 + 10 + 0*l + 8*l. Suppose 4*k + 12 = -2*s, 8*s - 4*s = 2*k - 14. List the prime factors